{"id":5,"date":"2015-01-21T15:03:31","date_gmt":"2015-01-21T14:03:31","guid":{"rendered":"http:\/\/noexpopride.noblogs.org\/?page_id=5"},"modified":"2015-05-03T13:18:26","modified_gmt":"2015-05-03T11:18:26","slug":"chi-siamo","status":"publish","type":"page","link":"https:\/\/noexpopride.noblogs.org\/?page_id=5","title":{"rendered":"Chi siamo &#8211; Contatti"},"content":{"rendered":"<p>Noi siamo donne, trans*, sexworker, migranti, gay, lesbiche, queer e femministe e vogliamo riappropriarci delle nostre citt\u00e0\u00a0perch\u00e9 la visibilit\u00e0, l\u2019agibilit\u00e0 e la sicurezza dei territori \u00e8 fatta anche dai nostri corpi che li attraversano. Contestiamo il sistema di valori di cui Expo si fa portatore e rivendichiamo la libert\u00e0 di vivere, amare, giocare, performare il nostro genere, i nostri desideri non conformi, la nostra sessualit\u00e0 e le nostre relazioni con gioia e trasparenza. Chiediamo riconoscimento per le molteplici reti di affettivit\u00e0 di cui facciamo parte. Chiediamo reddito garantito per le nostre vite precarie. Rivendichiamo il diritto di liberare spazi e luoghi di confronto e di agibilit\u00e0 politica.<\/p>\n<p>A dicembre 2014 c\u2019\u00e8 stato a Milano un primo incontro tra diversi collettivi femministi e lgbit*q da alcune citt\u00e0 italiane, che aderendo al percorso generale contro Expo e alla May Day del 1\u00b0 maggio, hanno per\u00f2 deciso di costruire anche una giornata di mobilitazione di donne e soggetti lgbit*q, un NoExpo Pride.<\/p>\n<p><strong>Contatti:<\/strong><\/p>\n<p>Roma. <strong><a href=\"http:\/\/www.communianet.org\/il-network\/nasce-degender-communia\">Degender Communia<\/a><\/strong> 3452728588 <a href=\"mailto:martacotta@gmail.com\">martacotta@gmail.com<\/a><br \/>\nRoma. <strong><a href=\"https:\/\/cagnesciolte.noblogs.org\/\">Cagne Sciolte<\/a><\/strong> 3470358789 <a href=\"mailto:giuggi.cagne@autistiche.org\">giuggi.cagne@autistiche.org<\/a><br \/>\nTorino. <strong><a href=\"http:\/\/sguardisuigeneris.blogspot.it\/\">Sguardi sui generis<\/a><\/strong> 3338768251 <a href=\"mailto:oinkonk@anche.no\">oinkonk@anche.no<\/a><br \/>\nMilano. <strong><a href=\"https:\/\/lelucciole.noblogs.org\/\">Le Lucciole<\/a><\/strong> 3388365190 <a href=\"mailto:mauromuscio90@gmail.com\">mauromuscio90@gmail.com<\/a><br \/>\nMilano. <strong><a href=\"http:\/\/www.arcilesbica.it\/milano\/\">Arcilesbica<\/a><\/strong> 3396564773 <a href=\"mailto:flaviaf1962@libero.it\">flaviaf1962@libero.it<\/a><br \/>\nMilano. <strong><a href=\"https:\/\/ambrosia.noblogs.org\/\">Ambrosia<\/a><\/strong> 3400765975 <a href=\"mailto:martina.tisato@gmail.com\">martina.tisato@gmail.com<\/a><br \/>\nBologna. <strong><a href=\"https:\/\/smaschieramenti.noblogs.org\/\">Laboratorio Smaschieramenti<\/a><\/strong>\u00a0<a href=\"mailto:infosmaschieramenti@autistici.org\">infosmaschieramenti@autistici.org<\/a><\/p>\n<p>&nbsp;<\/p>\n<p>&nbsp;<\/p>\n","protected":false},"excerpt":{"rendered":"<p>Noi siamo donne, trans*, sexworker, migranti, gay, lesbiche, queer e femministe e vogliamo riappropriarci delle nostre citt\u00e0\u00a0perch\u00e9 la visibilit\u00e0, l\u2019agibilit\u00e0 e la sicurezza dei territori \u00e8 fatta anche dai nostri corpi che li attraversano. Contestiamo il sistema di valori di &hellip; <a href=\"https:\/\/noexpopride.noblogs.org\/?page_id=5\">Continua a leggere<span class=\"meta-nav\">&rarr;<\/span><\/a><\/p>\n","protected":false},"author":9308,"featured_media":0,"parent":0,"menu_order":0,"comment_status":"open","ping_status":"closed","template":"","meta":{"footnotes":""},"class_list":["post-5","page","type-page","status-publish","hentry"],"_links":{"self":[{"href":"https:\/\/noexpopride.noblogs.org\/index.php?rest_route=\/wp\/v2\/pages\/5","targetHints":{"allow":["GET"]}}],"collection":[{"href":"https:\/\/noexpopride.noblogs.org\/index.php?rest_route=\/wp\/v2\/pages"}],"about":[{"href":"https:\/\/noexpopride.noblogs.org\/index.php?rest_route=\/wp\/v2\/types\/page"}],"author":[{"embeddable":true,"href":"https:\/\/noexpopride.noblogs.org\/index.php?rest_route=\/wp\/v2\/users\/9308"}],"replies":[{"embeddable":true,"href":"https:\/\/noexpopride.noblogs.org\/index.php?rest_route=%2Fwp%2Fv2%2Fcomments&post=5"}],"version-history":[{"count":5,"href":"https:\/\/noexpopride.noblogs.org\/index.php?rest_route=\/wp\/v2\/pages\/5\/revisions"}],"predecessor-version":[{"id":128,"href":"https:\/\/noexpopride.noblogs.org\/index.php?rest_route=\/wp\/v2\/pages\/5\/revisions\/128"}],"wp:attachment":[{"href":"https:\/\/noexpopride.noblogs.org\/index.php?rest_route=%2Fwp%2Fv2%2Fmedia&parent=5"}],"curies":[{"name":"wp","href":"https:\/\/api.w.org\/{rel}","templated":true}]}}